r?
True
Let g = 33227 - -28410. Is g composite?
False
Suppose 485*m + 955901 = 3*k + 489*m, k - 318635 = -m. Is k a prime number?
False
Let b be 21/56 + -2 + (-192255)/(-24). Suppose 0 = 10*l - 9*l - b. Is l a prime number?
True
Let k = -1379 + 2249. Let w be (0/(-1))/(2 + 0). Suppose 5*p - 4*d = 2209, 5*d + k = -w*p + 2*p. Is p a composite number?
True
Let b = -38710 + 104931. Is b a prime number?
True
Suppose 17*g - 14*g - 43 = -5*v, -2*g = -4*v - 14. Suppose 10*m = g*m - 737. Is m a composite number?
True
Let o(g) = g + 32*g**2 - 30*g**2 - 13 - 17. Is o(-19) a prime number?
True
Suppose 5*a = 2*a + 6. Suppose m + 13 = 5*j - 3, 0 = 4*m - a*j - 8. Suppose 0 = -r - m*u - 0*u + 438, 2*u = 4*r - 1842. Is r a composite number?
True
Suppose 4*f + 3*o = 128776, 13*f - 32177 = 12*f - 5*o. Is f a prime number?
False
Let m = -50 + 42. Let a(j) = -50*j + 15. Let q be a(m). Suppose 2*p + q = 6*i - i, 0 = -4*i - 5*p + 365. Is i composite?
True
Let r(t) be the third derivative of -77*t**4/24 - 95*t**3/6 + 52*t**2. Is r(-4) prime?
False
Suppose -36187 = -102*y + 101*y. Is y prime?
True
Let b(w) = 34*w**3 + 28*w**2 - 5*w - 11. Let c = 383 - 377. Is b(c) composite?
False
Suppose 35*q - 43*q + 48552 = 0. Let x = q + 5234. Is x a prime number?
False
Let t(d) = d**2 + 16*d - 14. Let f be t(-17). Suppose -5*w - 5 = 0, j + w + 7 = f*j. Suppose -2995 = -4*x + j*x. Is x a composite number?
True
Let t be -2 - ((-9)/(-72) - (-191)/8). Suppose 9*i = 4*i + 2*b - 2, 0 = i - 3*b - 10. Is 3 - 4 - (t - i) composite?
False
Let c be (12/(-10))/(-5*(-4)/(-439750)). Suppose 50*u = 65*u - c. Is u a prime number?
True
Let z(j) = -1070*j**3 + 8*j**2 + 18*j - 207. Is z(-7) prime?
True
Suppose -4*o + o - 23 = -5*m, -2*m = -5*o + 6. Suppose m*q - 8*q + 3 = 0. Is 2/12*q + (-817)/(-2) a composite number?
False
Let s(d) = -252*d**3 + 3*d + 2. Let i(u) = 2*u**2 - 4. Let b be i(-2). Let r = 3 - b. Is s(r) composite?
False
Suppose -4*u - 172 = 28. Let v = u + 89. Is v prime?
False
Suppose -140*g + 194042015 = -28*g + 103*g. Is g prime?
True
Suppose 0 = 32*y + 32*y - 65*y. Suppose 2*u = 2*b + 98272, 5*u + 0*b + 5*b - 245650 = y. Is u a composite number?
True
Is (70544/6 - -19) + 4/6 a prime number?
True
Suppose -12 = 4*u + 8. Let a(g) = -27*g - 78. Is a(u) a prime number?
False
Suppose 2*g = 5*l - 3141785, 23*l + 628357 = 24*l + 6*g. Is l prime?
True
Let u be 5/(50/(-4)) - 68/(-20). Let x(o) = -5*o + 25. Let l be x(u). Let c(r) = -r**3 + 15*r**2 - 19*r + 9. Is c(l) prime?
False
Is 4/(-38) + 3386239362/7638 prime?
True
Let l be -20523 - 35/(-6 + 1). Let n = -9543 - l. Is n composite?
False
Let n be (28/6)/(19/61389). Let a = n + -10400. Is a composite?
True
Let o = -7261 + 6517. Suppose 483 + 1189 = -4*j. Let n = j - o. Is n composite?
True
Let g(z) = -81*z - 134. Let x be 1/((-1)/15*3). Is g(x) prime?
True
Suppose 33*t + 21 = -12. Is t*7/((-28)/19004) a prime number?
True
Suppose -83*n - 1494556 = -97*n. Is n a prime number?
False
Suppose -37*m = -9*m - 83580. Suppose -2*b - 4*j = -1194, -j + m = 2*b + 3*b. Is b a prime number?
False
Let v(c) = -3041*c - 205. Is v(-6) prime?
True
Is (28/(-8))/((-245)/4423790) a composite number?
False
Let k(m) be the first derivative of 2124*m**4 - m**3/3 + m**2 + 47. Is k(1) a prime number?
False
Let r = 23 - 19. Suppose 0 = 5*x - 4*d - 4695 - 6094, x = r*d + 2145. Is x a prime number?
True
Suppose -1302191 = -490*n + 479*n. Is n a prime number?
False
Let x(i) = 1949*i**2 - 10*i + 10. Let v be (5 - 2) + -9 + 7. Is x(v) composite?
False
Is (-6 + 7 - 1088904)*1*(-1 - 0) prime?
True
Let v = 173650 - 122205. Is v composite?
True
Suppose -5*i - 42*a = -43*a - 507692, 4*i - 406197 = 7*a. Is i composite?
False
Let o = -89 + 23. Let y = o - -44. Is (39/1)/(y/(-22)) a prime number?
False
Is (686585/20)/(30/120) a composite number?
True
Suppose 38*q - 561214 + 206289 = 1044577. Is q a composite number?
True
Suppose -3*l + 35017 = 2*x, 4*x + x = -5*l + 58370. Suppose -4*i - 21034 = -5*y - 5467, 3*i - 5*y + l = 0. Let a = i + 7305. Is a a composite number?
False
Let l(y) = y**3 + 11*y**2 - 11*y + 14. Let b be l(-12). Let r(d) = -262*d**3 - d**2 - 2*d - 1. Let q be r(b). Let j = q + 5268. Is j composite?
False
Suppose -4*m = 2*c, -2*c - 10 = -c - 3*m. Let h(a) = -26*a**2 - 12*a + 1. Let f be h(c). Let t = -204 - f. Is t a prime number?
True
Let p(u) = 4*u**2 - 36*u + 3. Let o be p(9). Is 4443/(((-72)/(-40))/o) composite?
True
Let d be 7680/600 + (-8)/10 + 1. Suppose d*u - 86061 = -10739. Is u a prime number?
False
Let a(f) = -f**2 - 17*f + 18. Let i be a(-18). Let m be (-7)/(-105)*5*(i - -3). Let t = 162 + m. Is t prime?
True
Suppose -16*q + 71*q - 27192620 = 144195. Is q prime?
False
Let z = -152579 + 277188. Is z prime?
False
Suppose -5*x - 20 = 0, 3*v - 5*x = 2*v + 11. Let z(j) = -j**3 + 5*j**2 + 10*j + 9. Let c be z(v). Suppose -213 = -3*p + c. Is p a composite number?
True
Let d be (42/105)/(-1 - 554/(-555)). Let j(x) = x**2 - 5*x + 1. Let o be j(4). Is ((-3)/(-6))/(0 + o/d) a composite number?
False
Is 2/(-6) - ((-1064168)/24 + -13) - 2 composite?
False
Let a(h) = -h - 6. Let w be a(-8). Suppose 33*y = 31*y + w. Is ((-14)/42)/(y/(-69)) prime?
True
Let o = 422765 - 188854. Is o a prime number?
True
Suppose -4*q - 4*m = -0 - 12, q - 23 = 4*m. Let d be (q + 91)*(-62)/(-4). Suppose -4*s = -3085 - d. Is s prime?
True
Suppose -2108673 = -76*n - 1354037 + 3862440. Is n a prime number?
False
Let f be (-3)/((-12)/64*4). Suppose 15*x = f*s + 10*x - 25851, s - 3*x - 6454 = 0. Is s a composite number?
False
Let l = 57444 + -39775. Is l a composite number?
False
Let j = 590 + -1542. Let g = j + 1695. Is g a composite number?
False
Suppose -6*q + 2 + 10 = 0. Suppose -2*v + 2*n + 4244 = 0, n = 4*v + q*n - 8503. Suppose y = b - 664, 3*b - 2*y - v = -128. Is b prime?
False
Let k = -35348 + 50779. Is k prime?
False
Let f be ((-6)/(-4))/(9/3)*0. Suppose -2*r = -4*y + 646, -3*y + f*r = -4*r - 487. Is y a prime number?
False
Suppose -66520 = 4*s + 3*m, m - 5*m = 5*s + 83151. Let p = -11624 - s. Is p composite?
False
Let g(x) = 53*x**3 + 4*x**2 + 14*x - 12. Let z be g(11). Suppose 0 = 3*u - 24*u + z. Is u a prime number?
True
Let a(n) = n**3 - 6*n**2 - 26*n - 4. Let i be a(9). Suppose -i*g - 11 - 9 = -2*q, 4*g - 23 = -q. Suppose q*o - 21791 = 4*o. Is o prime?
False
Let d be -3 + (-1716)/(-54) + (-4)/(-18). Suppose 24*i - d*i - 10250 = 0. Is i/(-40) + 1/(-4) prime?
False
Let s = 58239 + -40930. Let c = s + -8128. Is c prime?
True
Let y(q) = -q**2 - 18*q - 19. Let s(o) = o**2 + 19*o + 19. Let u(p) = -2*s(p) - 3*y(p). Suppose h = 2*f + 6*h - 41, -5*f = -3*h - 87. Is u(f) composite?
False
Let k be (2813 - (-7 - -4)) + (4 - 1). Suppose 5*u = -3*l + 4809, -2*l + 3211 = 3*u + 2*u. Suppose l = 7*c - k. Is c composite?
False
Let a(i) = 3*i**2 + 106*i - 67. Let r be a(-36). Is 5263/1 + (r - 10) + 3 a prime number?
True
Let k(m) = -2*m + 24. Let c be k(13). Is 11361/6*2*c/(-7) a composite number?
True
Let o = 2018321 - 1340790. Is o a composite number?
False
Let z be (6/(-9))/(8/(-26172)). Let g(v) = v**3 + 3*v**2 - 2*v - 4. Let r be g(-3). Suppose -z + 639 = -r*c. Is c a prime number?
False
Suppose 3*w + 283*m - 280*m = 843471, m + 843455 = 3*w. Is w a composite number?
False
Let t = 70 + -187. Let n = t - -758. Is n composite?
False
Let l = -151883 - -271474. Is l prime?
True
Let b(t) = 653*t**2 - 1531*t + 37. Is b(21) prime?
True
Suppose -23*d + 17*d = 24. Is (-16056 + 3 + d)*(17 - 18) composite?
False
Let m be (-3 - -21)/3 + -2 + 2. Suppose -2*q - 2*s = -3314, -m*s - 3306 = -2*q - 4*s. Is q a prime number?
False
Let n be (-2781)/6*(-2 - (-2)/3). Suppose -8*i + n = -9*i. Let k = i - -1297. Is k prime?
False
Suppose -20*t + 42*t = 25*t - 1417623. Is t prime?
True
Let d(q) = 64*q + 29. Let v be 10 + 2 - (-17 + 17). Is d(v) a prime number?
True
Suppose 0 = -3*o - 3*u - 3, 2*o + 5*u + 7 + 7 = 0. Suppose 3*m - 4*v + 2*v - 50 = 0, -30 = -m - 2*v. Suppose 0*t = -o*p - t + 5438, 0 = -5*t - m. Is p prime?
False
Let n = 43983 - 10420. Is n a prime number?
True
Let u(w) = w**3 - 4*w - 1 + 4*w**2 + 5*w**2 + 11*w. Suppose -68 = 6*k - 20. Is u(k) a composite number?
False
Let j(r) = -7*r**3 - 9*r**2 + 17*r + 9. Let o(h) = 20*h**3 + 27*h**2 - 51*h - 27. Let t(l) = -11*j(l) - 4*o(l). Is t(-10) a compos